(base 16) to base 6
-21
What is a (base 11) in base 3?
101
0 (base 5) to base 15
0
What is -1 (base 15) in base 11?
-1
What is 0 (base 9) in base 15?
0
What is 11111 (base 2) in base 11?
29
What is -11 (base 8) in base 14?
-9
10011 (base 2) to base 16
13
What is 3 (base 10) in base 12?
3
What is -6d (base 16) in base 4?
-1231
Convert 65 (base 7) to base 12.
3b
17 (base 13) to base 14
16
244 (base 5) to base 16
4a
Convert 76 (base 8) to base 11.
57
14 (base 7) to base 3
102
What is -111 (base 4) in base 3?
-210
-4 (base 8) to base 2
-100
What is -2 (base 4) in base 7?
-2
Convert -22 (base 3) to base 7.
-11
What is c5 (base 13) in base 16?
a1
-2023 (base 5) to base 16
-107
What is -2e (base 15) in base 3?
-1122
What is -1 (base 7) in base 9?
-1
Convert -3 (base 15) to base 11.
-3
What is -10 (base 15) in base 4?
-33
What is 4 (base 6) in base 10?
4
What is -2 (base 5) in base 4?
-2
Convert -4 (base 13) to base 10.
-4
What is -16 (base 8) in base 15?
-e
-7 (base 8) to base 11
-7
What is -129 (base 12) in base 2?
-10110001
Convert -166 (base 7) to base 12.
-81
-3 (base 13) to base 7
-3
What is -201 (base 3) in base 11?
-18
Convert 11000 (base 2) to base 12.
20
What is -1 (base 8) in base 5?
-1
What is 104 (base 6) in base 5?
130
Convert -101 (base 2) to base 6.
-5
22 (base 11) to base 8
30
3 (base 9) to base 12
3
Convert 8 (base 16) to base 11.
8
2 (base 12) to base 15
2
What is 1 (base 15) in base 12?
1
Convert -7 (base 13) to base 14.
-7
Convert 1 (base 2) to base 7.
1
Convert -340 (base 5) to base 10.
-95
What is 1 (base 13) in base 10?
1
Convert 32 (base 6) to base 8.
24
2 (base 15) to base 16
2
f8 (base 16) to base 2
11111000
What is -e (base 16) in base 13?
-11
Convert 4 (base 15) to base 5.
4
What is -1 (base 10) in base 9?
-1
22 (base 7) to base 16
10
Convert 0 (base 10) to base 14.
0
-42 (base 10) to base 8
-52
Convert -1 (base 12) to base 7.
-1
What is 5 (base 14) in base 6?
5
12 (base 10) to base 5
22
Convert 6 (base 15) to base 11.
6
4 (base 12) to base 8
4
Convert -28 (base 9) to base 8.
-32
Convert -10 (base 16) to base 13.
-13
Convert 11 (base 9) to base 14.
a
Convert b8 (base 15) to base 11.
148
What is 27 (base 16) in base 2?
100111
What is 222 (base 3) in base 16?
1a
What is 11 (base 15) in base 7?
22
What is -4 (base 15) in base 7?
-4
2b (base 13) to base 8
45
12 (base 14) to base 9
17
What is -1 (base 6) in base 4?
-1
Convert 12 (base 16) to base 10.
18
What is -1 (base 11) in base 4?
-1
Convert 48 (base 12) to base 3.
2002
What is 9b (base 12) in base 16?
77
-2b (base 12) to base 9
-38
-352 (base 9) to base 12
-202
-3 (base 6) to base 13
-3
Convert 52 (base 6) to base 11.
2a
Convert -4 (base 12) to base 7.
-4
-4 (base 8) to base 11
-4
Convert -3 (base 9) to base 3.
-10
53 (base 16) to base 7
146
What is 100 (base 3) in base 10?
9
Convert 100 (base 3) to base 8.
11
-1001000 (base 2) to base 15
-4c
Convert 2314 (base 5) to base 13.
1c9
-19 (base 15) to base 13
-1b
What is -a6 (base 11) in base 3?
-11022
30 (base 11) to base 6
53
-57 (base 12) to base 3
-2111
What is 0 (base 13) in base 16?
0
What is 10 (base 2) in base 11?
2
-4 (base 10) to base 14
-4
Convert -111 (base 8) to base 5.
-243
Convert 0 (base 2) to base 7.
0
Convert 11 (base 2) to base 16.
3
What is 13 (base 6) in base 13?
9
6 (base 14) to base 5
11
-2432 (base 5) to base 7
-1033
Convert 37 (base 10) to base 13.
2b
25 (base 7) to base 3
201
Convert -1011 (base 2) to base 16.
-b
Convert 8 (base 9) to base 2.
1000
Convert -24 (base 12) to base 13.
-22
14 (base 8) to base 7
15
-2 (base 9) to base 8
-2
Convert -112 (base 5) to base 16.
-20
Convert -f0 (base 16) to base 4.
-3300
-17 (base 16) to base 5
-43
-85 (base 13) to base 8
-155
What is 2 (base 5) in base 11?
2
204 (base 5) to base 3
2000
Convert -1101 (base 3) to base 11.
-34
What is 2 (base 8) in base 11?
2
10211 (base 3) to base 14
75
What is 2 (base 14) in base 6?
2
Convert -152 (base 7) to base 2.
-1010110
-c (base 14) to base 8
-14
What is -14 (base 10) in base 9?
-15
Convert -101001 (base 2) to base 6.
-105
133 (base 5) to base 14
31
Convert -18 (base 9) to base 8.
-21
-a0 (base 13) to base 14
-94
12 (base 9) to base 14
b
Convert 110 (base 4) to base 11.
19
-19 (base 12) to base 14
-17
7 (base 9) to base 7
10
Convert -516 (base 8) to base 3.
-110101
What is 222 (base 4) in base 8?
52
Convert 132 (base 5) to base 12.
36
Convert 2 (base 9) to base 14.
2
What is 0 (base 11) in base 5?
0
What is 10111 (base 2) in base 15?
18
Convert 23c (base 14) to base 4.
12332
86 (base 10) to base 9
105
What is -11 (base 16) in base 9?
-18
What is 2 (base 9) in base 7?
2
-235 (base 7) to base 3
-11121
13 (base 7) to base 6
14
Convert 3 (base 10) to base 14.
3
1 (base 13) to base 8
1
Convert 5 (base 7) to base 9.
5
Convert 10 (base 5) to base 7.
5
-304 (base 5) to base 10
-79
Convert 1222 (base 5) to base 10.
187
What is 11111 (base 2) in base 12?
27
Convert -141 (base 9) to base 12.
-9a
Convert 37 (base 13) to base 12.
3a
What is -26 (base 10) in base 3?
-222
What is 21 (base 16) in base 13?
27
Convert 0 (base 9) to base 11.
0
Convert 49 (base 16) to base 9.
81
What is 141 (base 5) in base 15?
31
Convert 4 (base 15) to base 3.
11
1a (base 15) to base 13
1c
What is 2 (base 16) in base 15?
2
Convert -22 (base 5) to base 6.
-20
Convert 5b (base 14) to base 5.
311
What is -202 (base 4) in base 14?
-26
212 (base 3) to base 8
27
What is -4 (base 15) in base 2?
-100
Convert -ae (base 16) to base 2.
-10101110
4 (base 16) to base 15
4
What is -5 (base 9) in base 7?
-5
-11 (base 3) to base 2
-100
What is 1110010 (base 2) in base 7?
222
Convert 4 (base 12) to base 4.
10
What is 31 (base 4) in base 5?
23
Convert -23 (base 4) to base 9.
-12
Convert 62 (base 11) to base 3.
2112
Convert -3 (base 10) to base 8.
-3
Convert 7 (base 16) to base 2.
111
1d (base 14) to base 2
11011
410 (base 7) to base 10
203
What is 111 (base 6) in base 14?
31
Convert 67 (base 9) to base 10.
61
Convert 1d (base 15) to base 16.
1c
55 (base 13) to base 14
50
35 (base 9) to base 8
40
What is 243 (base 5) in base 8?
111
What is 0 (base 10) in base 4?
0
-7 (base 11) to base 7
-10
What is 40 (base 8) in base 3?
1012
Convert -12 (base 12) to base 15.
-e
What is 32 (base 16) in base 2?
110010
What is 20 (base 5) in base 9?
11
What is 1 (base 14) in base 10?
1
Convert -2222 (base 4) to base 11.
-145
Convert 3 (base 13) to base 8.
3
Convert -3 (base 13) to base 10.
-3
-a4 (base 11) to base 14
-82
What is 2 (base 10) in base 3?
2
Convert -110 (base 3) to base 15.
-c
What is -5 (base 10) in base 3?
-12
What is 19 (base 13) in base 10?
22
Convert 63 (base 10) to base 14.
47
Convert 2 (base 5) to base 3.
2
What is 100011110 (base 2) in base 7?
556
What is 3 (base 6) in base 2?
11
What is -2a (base 13) in base 12?
-30
-40 (base 9) to base 11
-33
What is -10100100 (base 2) in base 10?
-164
122 (base 7) to base 2
1000001
What is 3 (base 9) in base 14?
3
Convert 11 (base 4) to base 2.
101
Convert 47 (base 16) to base 3.
2122
1 (base 10) to base 13
1
-1 (base 4) to base 5
-1
Convert -113 (base 13) to base 5.
-1220
What is -211 (base 5) in base 6?
-132
Convert 3 (base 14) to base 15.
3
9 (base 11) to base 8
11
1001 (base 2) to base 3
100
What is 8 (base 14) in base 15?
8
What is 2 (base 4) in base 12?
2
10 (base 13) to base 5
23
Convert 55 (base 15) to base 5.
310
What is 22 (base 5) in base 2?
1100
Convert 2 (base 4) to base 8.
2
Convert -256 (base 8) to base 11.
-149
Convert -12 (base 5) to base 14.
-7
What is 16 (base 11) in base 5?
32
111 (base 7) to base 14
41
aa (base 11) to base 15
80
What is 38 (base 11) in base 13?
32
0 (base 8) to base 5
0
10000001 (base 2) to base 4
2001
4 (base 8) to base 14
4
Convert -123 (base 10) to base 3.
-11120
Convert 181 (base 9) to base 10.
154
Convert 423 (base 6) to base 14.
b5
16 (base 10) to base 6
24
-1 (base 9) to base 2
-1
What is -1122 (base 3) in base 5?
-134
What is -41 (base 10) in base 14?
-2d
1 (base 7) to base 3
1
What is -22 (base 8) in base 7?
-24
Convert -133 (base 4) to base 9.
-34
Convert 9 (base 13) to base 16.
9
b (base 16) to base 11
10
-1 (base 11) to base 15
-1
What is 180 (base 9) in base 6?
413
Convert 64 (base 11) to base 7.
130
What is 26 (base 7) in base 11?
19
-5a (base 11) to base 5
-230
What is -1 (base 9) in